t is the highest common divisor of 140386 and 34?
34
Calculate the highest common divisor of 14240 and 58295.
445
Calculate the greatest common factor of 84783 and 3953.
59
Calculate the greatest common divisor of 121257 and 5913.
81
Calculate the highest common factor of 94166 and 4780.
478
What is the greatest common factor of 85902 and 6672?
834
Calculate the highest common divisor of 1287833 and 31.
31
Calculate the highest common divisor of 1816 and 376820.
908
Calculate the highest common factor of 50 and 59200.
50
What is the greatest common factor of 15239 and 49?
49
What is the highest common divisor of 658 and 966931?
329
Calculate the greatest common factor of 348 and 2532048.
348
What is the greatest common factor of 48736 and 32?
32
What is the greatest common factor of 166791 and 212?
53
Calculate the greatest common divisor of 95 and 55043.
19
Calculate the highest common factor of 331657 and 183.
61
Calculate the highest common divisor of 70477 and 8195.
1639
What is the highest common divisor of 211513 and 62?
31
What is the highest common divisor of 38 and 25137?
19
What is the highest common divisor of 4759888 and 140?
28
Calculate the highest common factor of 15085 and 175.
35
Calculate the greatest common divisor of 75 and 183.
3
What is the highest common factor of 60 and 21696?
12
What is the highest common factor of 8060 and 108550?
130
What is the highest common divisor of 50 and 10575?
25
What is the greatest common factor of 33 and 3454?
11
Calculate the greatest common divisor of 3650595 and 26.
13
What is the highest common factor of 34293 and 105?
21
What is the greatest common factor of 57264 and 30?
6
What is the highest common factor of 42432 and 9384?
408
What is the highest common divisor of 128 and 592096?
32
What is the highest common divisor of 462 and 2750?
22
Calculate the highest common divisor of 378 and 38094.
42
What is the highest common factor of 302 and 2757864?
302
What is the greatest common divisor of 10704408 and 78?
78
What is the greatest common divisor of 1530 and 36045?
45
What is the highest common divisor of 1440 and 96552?
72
What is the highest common factor of 11098 and 99524?
358
Calculate the highest common divisor of 6 and 6774.
6
What is the greatest common divisor of 624 and 2832?
48
Calculate the greatest common divisor of 260 and 403572.
52
Calculate the greatest common factor of 377 and 4953.
13
What is the highest common factor of 7924280 and 1456?
728
What is the highest common divisor of 9910434 and 514?
514
Calculate the highest common divisor of 3572 and 8460.
188
What is the greatest common factor of 40388 and 1317?
439
What is the highest common factor of 87201 and 27?
9
Calculate the highest common factor of 249318 and 12.
6
What is the greatest common divisor of 64845 and 375?
15
Calculate the greatest common factor of 108609 and 287.
41
Calculate the highest common factor of 186400 and 4600.
200
What is the greatest common divisor of 6820749 and 97?
97
What is the greatest common divisor of 1917 and 7384?
71
What is the greatest common factor of 14 and 18949?
7
What is the highest common factor of 119635 and 37275?
355
What is the greatest common factor of 48231 and 621?
207
Calculate the highest common divisor of 100024 and 128.
8
Calculate the highest common factor of 139 and 1126039.
139
Calculate the highest common factor of 280 and 1225.
35
What is the greatest common factor of 370 and 177610?
10
What is the greatest common factor of 722309 and 49?
49
Calculate the greatest common factor of 408 and 11203.
17
Calculate the greatest common divisor of 82376 and 28.
28
Calculate the highest common factor of 282421 and 74.
37
Calculate the highest common factor of 62577 and 2448.
153
Calculate the highest common divisor of 88 and 248504.
8
What is the greatest common divisor of 51408 and 81?
27
Calculate the greatest common divisor of 2573248 and 496.
496
What is the highest common factor of 1164 and 4422?
6
Calculate the highest common factor of 47136 and 1888.
32
Calculate the greatest common factor of 146754 and 248.
62
What is the greatest common divisor of 231 and 475959?
33
What is the highest common factor of 1858 and 8118531?
929
What is the highest common divisor of 41695 and 2325?
155
What is the highest common divisor of 7828719 and 222?
111
Calculate the highest common divisor of 240320 and 192.
64
What is the greatest common divisor of 1035 and 7065?
45
What is the highest common divisor of 101894 and 52?
26
What is the greatest common divisor of 5215 and 49?
7
Calculate the highest common factor of 84060 and 100.
20
What is the highest common factor of 744 and 71238?
186
Calculate the highest common factor of 198110 and 40.
10
What is the greatest common factor of 3241 and 91?
7
Calculate the greatest common divisor of 10390 and 110.
10
What is the highest common divisor of 10066 and 21?
7
What is the highest common divisor of 5756 and 176?
4
Calculate the greatest common factor of 1017 and 657.
9
What is the greatest common factor of 2117 and 1533?
73
What is the greatest common divisor of 160 and 164064?
32
Calculate the greatest common divisor of 45507 and 924.
231
Calculate the greatest common divisor of 24960 and 45.
15
What is the greatest common factor of 509031 and 306?
153
Calculate the highest common divisor of 731 and 2752.
43
What is the highest common divisor of 208012 and 966?
322
Calculate the greatest common divisor of 27057 and 13137.
87
What is the greatest common factor of 37644 and 30?
6
Calculate the highest common factor of 64975 and 575.
575
Calculate the highest common factor of 21592 and 888.
8
What is the highest common divisor of 4560 and 810160?
1520
Calculate the greatest common divisor of 11912 and 156.
4
What is the highest common divisor of 460656 and 288?
144
What is the highest common divisor of 15476 and 36500?
292
What is the highest common divisor of 27 and 3519261?
27
What is the highest common divisor of 2497009 and 634?
317
What is the greatest common factor of 1312 and 512?
32
What is the greatest common factor of 107 and 1083482?
107
What is the greatest common divisor of 549 and 25559?
61
Calculate the highest common factor of 6 and 144498.
6
What is the highest common divisor of 360 and 228870?
90
Calculate the highest common divisor of 242657 and 755.
151
What is the greatest common factor of 4604355 and 126?
63
What is the greatest common divisor of 6276 and 4308?
12
What is the highest common factor of 60 and 18750?
30
What is the greatest common factor of 450 and 5?
5
Calculate the greatest common divisor of 1824 and 299520.
96
What is the greatest common divisor of 612 and 16663230?
306
Calculate the highest common factor of 294695 and 340.
85
What is the greatest common divisor of 420 and 924?
84
What is the highest common factor of 737 and 33835?
67
What is the highest common factor of 697564 and 98?
98
Calculate the highest common factor of 1386 and 3729.
33
What is the highest common factor of 971 and 211?
1
What is the greatest common divisor of 1872 and 1962?
18
What is the greatest common factor of 791 and 565?
113
What is the greatest common divisor of 29760 and 39432?
744
What is the greatest common factor of 9528 and 99250?
794
Calculate the greatest common divisor of 1921876 and 4092.
1364
What is the greatest common factor of 52 and 63830?
26
Calculate the greatest common factor of 10 and 1619470.
10
What is the highest common factor of 25319 and 7?
7
Calculate the highest common divisor of 32431 and 109949.
791
What is the greatest common divisor of 66277 and 191?
191
Calculate the highest common factor of 124476 and 2783.
253
What is the greatest common divisor of 1056 and 924?
132
Calculate the greatest common factor of 22 and 749144.
22
Calculate the greatest common factor of 119 and 25536.
7
What is the highest common divisor of 272864 and 416?
32
What is the highest common factor of 21 and 239561?
7
Calculate the highest common divisor of 26 and 183638.
26
What is the highest common factor of 278 and 32109?
139
What is the greatest common factor of 19 and 35093?
19
Calculate the highest common divisor of 6174 and 2079.
63
Calculate the greatest common divisor of 698579 and 161.
161
